se 2) to base 15.
e2
Convert 1ab97 (base 15) to base 9.
142287
Convert 16322 (base 9) to base 5.
324243
Convert -11462 (base 9) to base 5.
-221140
-a5 (base 16) to base 8
-245
Convert -31300 (base 5) to base 10.
-2075
111201110 (base 3) to base 4
2130102
Convert -5ba1 (base 14) to base 4.
-3322101
What is 9155 (base 11) in base 5?
342120
Convert 3663 (base 12) to base 3.
22101210
What is -88a9 (base 15) in base 2?
-111000100011111
Convert -60553 (base 7) to base 13.
-68bc
What is 32022 (base 4) in base 16?
38a
Convert 1833 (base 9) to base 4.
111333
What is 210012 (base 3) in base 6?
2352
-1540 (base 13) to base 5
-44334
Convert -8484 (base 11) to base 16.
-2bd8
What is -465 (base 11) in base 15?
-270
-5cc3 (base 13) to base 14
-4b2c
What is 5220 (base 9) in base 11?
2968
Convert -11510 (base 7) to base 6.
-21512
1178 (base 14) to base 4
233212
-20 (base 8) to base 15
-11
77b (base 12) to base 2
10001001111
What is 546 (base 7) in base 10?
279
212120011 (base 3) to base 12
9b34
What is 181a (base 14) in base 8?
10360
Convert -11001001 (base 2) to base 13.
-126
Convert 5022 (base 6) to base 15.
4ce
Convert 432434 (base 5) to base 6.
152132
10525 (base 8) to base 11
3374
Convert -999 (base 14) to base 15.
-869
Convert -5de (base 15) to base 6.
-10102
Convert f9 (base 16) to base 2.
11111001
What is 493 (base 11) in base 6?
2414
What is -51322 (base 6) in base 16?
-1aa2
What is -1653 (base 8) in base 12?
-663
Convert -6341 (base 9) to base 16.
-122e
Convert 2003 (base 4) to base 3.
11212
What is a431 (base 16) in base 14?
11465
Convert 50682 (base 9) to base 8.
101125
What is -7334 (base 12) in base 6?
-134104
-3011133 (base 4) to base 10
-12639
Convert -5310 (base 7) to base 14.
-977
What is -2100 (base 3) in base 5?
-223
-261543 (base 7) to base 2
-1011110111111111
What is -1432 (base 5) in base 3?
-22222
Convert -83d (base 14) to base 8.
-3127
What is -5bd (base 15) in base 13?
-793
Convert 1210202112 (base 3) to base 16.
8ada
Convert -102002 (base 5) to base 8.
-6461
-100120202 (base 3) to base 9
-10522
What is 2187 (base 9) in base 6?
11254
773 (base 8) to base 15
23c
Convert 20b1 (base 14) to base 5.
140033
Convert 250 (base 13) to base 6.
1511
-1154 (base 13) to base 14
-c5d
1504 (base 14) to base 15
1188
Convert 165 (base 7) to base 8.
140
Convert -113231 (base 6) to base 3.
-111110101
-1615 (base 11) to base 2
-100000011001
What is -2093 (base 13) in base 8?
-10642
-54 (base 8) to base 16
-2c
What is -41222 (base 5) in base 9?
-3615
Convert -14813 (base 12) to base 16.
-708f
What is 231213 (base 5) in base 7?
33136
Convert -331440 (base 5) to base 2.
-10110011100111
10030 (base 5) to base 2
1010000000
What is 37 (base 9) in base 16?
22
Convert -2240321 (base 5) to base 13.
-15327
1100001110010001 (base 2) to base 5
3100230
Convert 114101 (base 6) to base 13.
4702
What is 41ad (base 16) in base 3?
212001201
-314250 (base 6) to base 8
-61766
Convert -110010101 (base 2) to base 14.
-20d
Convert 8800 (base 16) to base 8.
104000
-3531 (base 13) to base 16
-1d34
-541 (base 16) to base 7
-3631
What is 1151023 (base 6) in base 12?
2b473
What is -ba5 (base 15) in base 11?
-1a81
Convert -1100021 (base 4) to base 3.
-21000222
7760 (base 14) to base 2
101000010111000
What is 3200 (base 4) in base 14?
120
Convert -110010001000001 (base 2) to base 6.
-314453
Convert 124511 (base 6) to base 14.
4239
Convert 3306 (base 14) to base 15.
2936
What is -11264 (base 11) in base 16?
-3f9c
Convert 4115 (base 6) to base 14.
491
What is -1061 (base 9) in base 8?
-1420
a14 (base 16) to base 2
101000010100
Convert -2203 (base 14) to base 15.
-1b23
What is 60b1 (base 12) in base 4?
2210011
-18a (base 16) to base 7
-1102
Convert -8666 (base 13) to base 3.
-221121122
What is -4300 (base 9) in base 10?
-3159
Convert -211000020 (base 3) to base 13.
-73c2
-d082 (base 14) to base 8
-105712
1165 (base 14) to base 12
1905
Convert 102b5 (base 14) to base 8.
114067
What is -32313 (base 4) in base 3?
-1022020
-20123303 (base 4) to base 15
-a382
What is -70b (base 15) in base 5?
-22321
What is -20252 (base 7) in base 16?
-1349
What is -13033101 (base 4) in base 14?
-ab3b
What is -c7b (base 15) in base 5?
-42231
904 (base 13) to base 11
1167
Convert 3042 (base 5) to base 15.
1b7
What is -146 (base 9) in base 14?
-8b
Convert -212321 (base 5) to base 9.
-10802
-24d (base 16) to base 6
-2421
Convert 12103310 (base 4) to base 3.
1022110012
What is 1001010000 (base 2) in base 14?
304
-614 (base 9) to base 11
-414
Convert -25 (base 13) to base 8.
-37
What is -3a3 (base 15) in base 6?
-3500
What is 1624 (base 12) in base 4?
220330
230010 (base 4) to base 16
b04
-1200 (base 5) to base 6
-451
What is -663 (base 7) in base 4?
-11103
What is 214 (base 9) in base 12?
127
What is -b7 (base 14) in base 15?
-ab
What is -20005 (base 7) in base 3?
-20121001
What is -1423 (base 11) in base 12?
-1094
What is 3616 (base 9) in base 2?
101010000000
-6053 (base 7) to base 2
-100000110000
Convert 1002 (base 4) to base 2.
1000010
2200212 (base 5) to base 9
56460
Convert 112200021 (base 3) to base 5.
320244
12122032 (base 4) to base 6
321314
Convert 27a (base 15) to base 16.
235
44510 (base 6) to base 10
6234
-1201051 (base 6) to base 7
-350041
Convert -4016 (base 8) to base 12.
-123a
Convert -41781 (base 9) to base 7.
-143335
Convert 113214 (base 7) to base 5.
1122341
What is -1401 (base 11) in base 9?
-2437
Convert -2370 (base 13) to base 14.
-1b68
Convert 60306 (base 7) to base 5.
431214
Convert 110111001001101 (base 2) to base 8.
67115
What is -2559 (base 13) in base 2?
-1010011000001
Convert -111 (base 9) to base 7.
-160
What is -110111100001 (base 2) in base 12?
-2081
What is 3682 (base 10) in base 13?
18a3
11453 (base 6) to base 2
11010011001
What is -10339 (base 13) in base 6?
-342444
What is 14422 (base 8) in base 12?
386a
-10100010101100 (base 2) to base 7
-42233
68 (base 14) to base 7
161
-60536 (base 7) to base 6
-151542
55103 (base 6) to base 5
220344
Convert -320440 (base 6) to base 7.
-136026
Convert 243 (base 13) to base 14.
201
-3201010 (base 4) to base 5
-430104
11101100 (base 2) to base 4
3230
What is 970 (base 11) in base 13?
6b9
Convert 7277 (base 12) to base 11.
9411
What is 1000 (base 15) in base 5?
102000
2015 (base 8) to base 6
4445
Convert 111011010010001 (base 2) to base 11.
20894
What is -763 (base 15) in base 13?
-9b4
-a481 (base 11) to base 4
-3120323
What is a98b (base 16) in base 15?
ccd8
3100 (base 5) to base 8
620
1022002 (base 3) to base 6
4215
Convert -70886 (base 9) to base 2.
-1011011000111101
Convert -964 (base 14) to base 15.
-837
Convert -500 (base 11) to base 9.
-742
Convert -522 (base 12) to base 11.
-619
Convert -764 (base 9) to base 8.
-1161
What is -2c1 (base 14) in base 4?
-20301
-135a1 (base 12) to base 8
-64211
-896 (base 12) to base 6
-5510
Convert 100100111001011 (base 2) to base 14.
6c55
What is -fe (base 16) in base 5?
-2004
1313 (base 9) to base 7
2604
Convert -20144 (base 5) to base 3.
-1210010
b3ab (base 13) to base 3
1021001002
513035 (base 6) to base 13
15791
-100b (base 14) to base 6
-20431
Convert -233 (base 7) to base 6.
-322
Convert 230222 (base 4) to base 14.
1082
Convert 103 (base 10) to base 9.
124
What is -11a1 (base 12) in base 11?
-1552
What is -4060 (base 9) in base 6?
-21430
-10212 (base 5) to base 13
-406
Convert 1464 (base 8) to base 13.
4b1
-4203 (base 8) to base 9
-2881
Convert -340 (base 6) to base 9.
-156
What is -1011122 (base 3) in base 15?
-3be
Convert -c56 (base 15) to base 2.
-101011011101
What is 486 (base 10) in base 4?
13212
708 (base 9) to base 8
1077
What is 4012 (base 5) in base 2?
111111011
Convert 120211122 (base 3) to base 16.
2d1a
1202122200 (base 3) to base 4
20132310
What is -242733 (base 8) in base 4?
-110113123
Convert 1d (base 15) to base 2.
11100
Convert -1101111010110 (base 2) to base 5.
-212001
3121 (base 6) to base 11
584
What is -5921 (base 11) in base 16?
-1e57
Convert b909 (base 13) to base 6.
314545
-2021011 (base 3) to base 12
-b57
What is -23576 (base 8) in base 4?
-2131332
-1120022 (base 3) to base 12
-7b2
-190c4 (base 15) to base 10
-81184
What is -4752 (base 10) in base 12?
-2900
Convert 7cb1 (base 14) to base 8.
52323
Convert -1322220 (base 5) to base 6.
-322544
-34a (base 16) to base 15
-3b